{"id":15236,"date":"2017-02-17T17:02:04","date_gmt":"2017-02-17T16:02:04","guid":{"rendered":"https:\/\/www.ibizalowcost.com\/it\/?post_type=listing&#038;p=15236"},"modified":"2023-01-20T17:37:37","modified_gmt":"2023-01-20T16:37:37","slug":"villa-casa-francisca","status":"publish","type":"listing","link":"https:\/\/www.ibizappartamenti.it\/%listing-slug%\/villa-casa-francisca","title":{"rendered":"Villa Casa Francisca"},"content":{"rendered":"<p>Villa Casa Francisca \u00e8 una graziosa villa ubicata nei pressi del piccolo borgo di Es Cal\u00f3 de Sant Agust\u00ed, paesino caratterizzato da ristoranti che offrono buon pesce e da negozi di ogni genere. L&#8217;immobile \u00e8 suddiviso in due case: la casa principale e il monolocale. All&#8217;interno della casa principale troviamo un ampio soggiorno con tv, divano e tavolo da pranzo, una cucina completa, tre camere da letto e un bagno. Il monolocale invece \u00e8 composto da un angolo cottura, una zona notte e un bagno. Tutta la casa \u00e8 munita di aria condizionata e all&#8217;esterno troviamo una zona relax e un barbecue con tavolo e sedie. Distanti pochi metri dalla struttura, sono situate le spiagge pi\u00f9 belle di Formentera.<\/p>\n","protected":false},"excerpt":{"rendered":"<p>Villa Casa Francisca \u00e8 una graziosa villa ubicata nei pressi del piccolo borgo di Es Cal\u00f3 de Sant Agust\u00ed, paesino caratterizzato da ristoranti che offrono buon pesce e da negozi di ogni genere. L&#8217;immobile \u00e8 suddiviso in due case: la casa principale e il monolocale. All&#8217;interno della casa principale troviamo un ampio soggiorno con tv,&#8230;<\/p>\n","protected":false},"author":2,"featured_media":15239,"template":"","listing_type":[10],"class_list":["post-15236","listing","type-listing","status-publish","has-post-thumbnail","hentry","listing_type-formentera"],"acf":[],"yoast_head":"<!-- This site is optimized with the Yoast SEO plugin v22.2 - https:\/\/yoast.com\/wordpress\/plugins\/seo\/ -->\n<title>Villa Casa Francisca - Ibizappartamenti.it<\/title>\n<meta name=\"robots\" content=\"index, follow, max-snippet:-1, max-image-preview:large, max-video-preview:-1\" \/>\n<link rel=\"canonical\" href=\"https:\/\/www.ibizappartamenti.it\/%listing-slug%\/villa-casa-francisca\" \/>\n<meta property=\"og:locale\" content=\"it_IT\" \/>\n<meta property=\"og:type\" content=\"article\" \/>\n<meta property=\"og:title\" content=\"Villa Casa Francisca - Ibizappartamenti.it\" \/>\n<meta property=\"og:description\" content=\"Villa Casa Francisca \u00e8 una graziosa villa ubicata nei pressi del piccolo borgo di Es Cal\u00f3 de Sant Agust\u00ed, paesino caratterizzato da ristoranti che offrono buon pesce e da negozi di ogni genere. L&#8217;immobile \u00e8 suddiviso in due case: la casa principale e il monolocale. All&#8217;interno della casa principale troviamo un ampio soggiorno con tv,...\" \/>\n<meta property=\"og:url\" content=\"https:\/\/www.ibizappartamenti.it\/%listing-slug%\/villa-casa-francisca\" \/>\n<meta property=\"og:site_name\" content=\"Ibizappartamenti.it\" \/>\n<meta property=\"article:modified_time\" content=\"2023-01-20T16:37:37+00:00\" \/>\n<meta property=\"og:image\" content=\"https:\/\/www.ibizappartamenti.it\/wp-content\/uploads\/2017\/02\/14276021032014130335_33.jpg\" \/>\n\t<meta property=\"og:image:width\" content=\"640\" \/>\n\t<meta property=\"og:image:height\" content=\"480\" \/>\n\t<meta property=\"og:image:type\" content=\"image\/jpeg\" \/>\n<meta name=\"twitter:card\" content=\"summary_large_image\" \/>\n<script type=\"application\/ld+json\" class=\"yoast-schema-graph\">{\"@context\":\"https:\/\/schema.org\",\"@graph\":[{\"@type\":\"WebPage\",\"@id\":\"https:\/\/www.ibizappartamenti.it\/%listing-slug%\/villa-casa-francisca\",\"url\":\"https:\/\/www.ibizappartamenti.it\/%listing-slug%\/villa-casa-francisca\",\"name\":\"Villa Casa Francisca - Ibizappartamenti.it\",\"isPartOf\":{\"@id\":\"https:\/\/www.ibizappartamenti.it\/#website\"},\"primaryImageOfPage\":{\"@id\":\"https:\/\/www.ibizappartamenti.it\/%listing-slug%\/villa-casa-francisca#primaryimage\"},\"image\":{\"@id\":\"https:\/\/www.ibizappartamenti.it\/%listing-slug%\/villa-casa-francisca#primaryimage\"},\"thumbnailUrl\":\"https:\/\/www.ibizappartamenti.it\/wp-content\/uploads\/2017\/02\/14276021032014130335_33.jpg\",\"datePublished\":\"2017-02-17T16:02:04+00:00\",\"dateModified\":\"2023-01-20T16:37:37+00:00\",\"breadcrumb\":{\"@id\":\"https:\/\/www.ibizappartamenti.it\/%listing-slug%\/villa-casa-francisca#breadcrumb\"},\"inLanguage\":\"it-IT\",\"potentialAction\":[{\"@type\":\"ReadAction\",\"target\":[\"https:\/\/www.ibizappartamenti.it\/%listing-slug%\/villa-casa-francisca\"]}]},{\"@type\":\"ImageObject\",\"inLanguage\":\"it-IT\",\"@id\":\"https:\/\/www.ibizappartamenti.it\/%listing-slug%\/villa-casa-francisca#primaryimage\",\"url\":\"https:\/\/www.ibizappartamenti.it\/wp-content\/uploads\/2017\/02\/14276021032014130335_33.jpg\",\"contentUrl\":\"https:\/\/www.ibizappartamenti.it\/wp-content\/uploads\/2017\/02\/14276021032014130335_33.jpg\",\"width\":640,\"height\":480},{\"@type\":\"BreadcrumbList\",\"@id\":\"https:\/\/www.ibizappartamenti.it\/%listing-slug%\/villa-casa-francisca#breadcrumb\",\"itemListElement\":[{\"@type\":\"ListItem\",\"position\":1,\"name\":\"Home\",\"item\":\"https:\/\/www.ibizappartamenti.it\/it\/\"},{\"@type\":\"ListItem\",\"position\":2,\"name\":\"Villa Casa Francisca\"}]},{\"@type\":\"WebSite\",\"@id\":\"https:\/\/www.ibizappartamenti.it\/#website\",\"url\":\"https:\/\/www.ibizappartamenti.it\/\",\"name\":\"Ibizappartamenti.it\",\"description\":\"\",\"potentialAction\":[{\"@type\":\"SearchAction\",\"target\":{\"@type\":\"EntryPoint\",\"urlTemplate\":\"https:\/\/www.ibizappartamenti.it\/?s={search_term_string}\"},\"query-input\":\"required name=search_term_string\"}],\"inLanguage\":\"it-IT\"}]}<\/script>\n<!-- \/ Yoast SEO plugin. -->","yoast_head_json":{"title":"Villa Casa Francisca - Ibizappartamenti.it","robots":{"index":"index","follow":"follow","max-snippet":"max-snippet:-1","max-image-preview":"max-image-preview:large","max-video-preview":"max-video-preview:-1"},"canonical":"https:\/\/www.ibizappartamenti.it\/%listing-slug%\/villa-casa-francisca","og_locale":"it_IT","og_type":"article","og_title":"Villa Casa Francisca - Ibizappartamenti.it","og_description":"Villa Casa Francisca \u00e8 una graziosa villa ubicata nei pressi del piccolo borgo di Es Cal\u00f3 de Sant Agust\u00ed, paesino caratterizzato da ristoranti che offrono buon pesce e da negozi di ogni genere. L&#8217;immobile \u00e8 suddiviso in due case: la casa principale e il monolocale. All&#8217;interno della casa principale troviamo un ampio soggiorno con tv,...","og_url":"https:\/\/www.ibizappartamenti.it\/%listing-slug%\/villa-casa-francisca","og_site_name":"Ibizappartamenti.it","article_modified_time":"2023-01-20T16:37:37+00:00","og_image":[{"width":640,"height":480,"url":"https:\/\/www.ibizappartamenti.it\/wp-content\/uploads\/2017\/02\/14276021032014130335_33.jpg","type":"image\/jpeg"}],"twitter_card":"summary_large_image","schema":{"@context":"https:\/\/schema.org","@graph":[{"@type":"WebPage","@id":"https:\/\/www.ibizappartamenti.it\/%listing-slug%\/villa-casa-francisca","url":"https:\/\/www.ibizappartamenti.it\/%listing-slug%\/villa-casa-francisca","name":"Villa Casa Francisca - Ibizappartamenti.it","isPartOf":{"@id":"https:\/\/www.ibizappartamenti.it\/#website"},"primaryImageOfPage":{"@id":"https:\/\/www.ibizappartamenti.it\/%listing-slug%\/villa-casa-francisca#primaryimage"},"image":{"@id":"https:\/\/www.ibizappartamenti.it\/%listing-slug%\/villa-casa-francisca#primaryimage"},"thumbnailUrl":"https:\/\/www.ibizappartamenti.it\/wp-content\/uploads\/2017\/02\/14276021032014130335_33.jpg","datePublished":"2017-02-17T16:02:04+00:00","dateModified":"2023-01-20T16:37:37+00:00","breadcrumb":{"@id":"https:\/\/www.ibizappartamenti.it\/%listing-slug%\/villa-casa-francisca#breadcrumb"},"inLanguage":"it-IT","potentialAction":[{"@type":"ReadAction","target":["https:\/\/www.ibizappartamenti.it\/%listing-slug%\/villa-casa-francisca"]}]},{"@type":"ImageObject","inLanguage":"it-IT","@id":"https:\/\/www.ibizappartamenti.it\/%listing-slug%\/villa-casa-francisca#primaryimage","url":"https:\/\/www.ibizappartamenti.it\/wp-content\/uploads\/2017\/02\/14276021032014130335_33.jpg","contentUrl":"https:\/\/www.ibizappartamenti.it\/wp-content\/uploads\/2017\/02\/14276021032014130335_33.jpg","width":640,"height":480},{"@type":"BreadcrumbList","@id":"https:\/\/www.ibizappartamenti.it\/%listing-slug%\/villa-casa-francisca#breadcrumb","itemListElement":[{"@type":"ListItem","position":1,"name":"Home","item":"https:\/\/www.ibizappartamenti.it\/it\/"},{"@type":"ListItem","position":2,"name":"Villa Casa Francisca"}]},{"@type":"WebSite","@id":"https:\/\/www.ibizappartamenti.it\/#website","url":"https:\/\/www.ibizappartamenti.it\/","name":"Ibizappartamenti.it","description":"","potentialAction":[{"@type":"SearchAction","target":{"@type":"EntryPoint","urlTemplate":"https:\/\/www.ibizappartamenti.it\/?s={search_term_string}"},"query-input":"required name=search_term_string"}],"inLanguage":"it-IT"}]}},"_links":{"self":[{"href":"https:\/\/www.ibizappartamenti.it\/wp-json\/wp\/v2\/listing\/15236","targetHints":{"allow":["GET"]}}],"collection":[{"href":"https:\/\/www.ibizappartamenti.it\/wp-json\/wp\/v2\/listing"}],"about":[{"href":"https:\/\/www.ibizappartamenti.it\/wp-json\/wp\/v2\/types\/listing"}],"author":[{"embeddable":true,"href":"https:\/\/www.ibizappartamenti.it\/wp-json\/wp\/v2\/users\/2"}],"version-history":[{"count":1,"href":"https:\/\/www.ibizappartamenti.it\/wp-json\/wp\/v2\/listing\/15236\/revisions"}],"predecessor-version":[{"id":43418,"href":"https:\/\/www.ibizappartamenti.it\/wp-json\/wp\/v2\/listing\/15236\/revisions\/43418"}],"wp:featuredmedia":[{"embeddable":true,"href":"https:\/\/www.ibizappartamenti.it\/wp-json\/wp\/v2\/media\/15239"}],"wp:attachment":[{"href":"https:\/\/www.ibizappartamenti.it\/wp-json\/wp\/v2\/media?parent=15236"}],"wp:term":[{"taxonomy":"listing_type","embeddable":true,"href":"https:\/\/www.ibizappartamenti.it\/wp-json\/wp\/v2\/listing_type?post=15236"}],"curies":[{"name":"wp","href":"https:\/\/api.w.org\/{rel}","templated":true}]}}

<p>Villa Casa Francisca è una graziosa villa ubicata nei pressi del piccolo borgo di Es Caló de Sant Agustí, paesino caratterizzato da ristoranti che offrono buon pesce e da negozi di ogni genere. L&#8217;immobile è suddiviso in due case: la casa principale e il monolocale. All&#8217;interno della casa principale troviamo un ampio soggiorno con tv, divano e tavolo da pranzo, una cucina completa, tre camere da letto e un bagno. Il monolocale invece è composto da un angolo cottura, una zona notte e un bagno. Tutta la casa è munita di aria condizionata e all&#8217;esterno troviamo una zona relax e un barbecue con tavolo e sedie. Distanti pochi metri dalla struttura, sono situate le spiagge più belle di Formentera.</p>

<p>Villa Casa Francisca è una graziosa villa ubicata nei pressi del piccolo borgo di Es Caló de Sant Agustí, paesino caratterizzato da ristoranti che offrono buon pesce e da negozi di ogni genere. L&#8217;immobile è suddiviso in due case: la casa principale e il monolocale. All&#8217;interno della casa principale troviamo un ampio soggiorno con tv,&#8230;</p>

<!-- This site is optimized with the Yoast SEO plugin v22.2 - https://yoast.com/wordpress/plugins/seo/ -->
<title>Villa Casa Francisca - Ibizappartamenti.it</title>
<meta name="robots" content="index, follow, max-snippet:-1, max-image-preview:large, max-video-preview:-1" />
<link rel="canonical" href="https://www.ibizappartamenti.it/%listing-slug%/villa-casa-francisca" />
<meta property="og:locale" content="it_IT" />
<meta property="og:type" content="article" />
<meta property="og:title" content="Villa Casa Francisca - Ibizappartamenti.it" />
<meta property="og:description" content="Villa Casa Francisca è una graziosa villa ubicata nei pressi del piccolo borgo di Es Caló de Sant Agustí, paesino caratterizzato da ristoranti che offrono buon pesce e da negozi di ogni genere. L&#8217;immobile è suddiviso in due case: la casa principale e il monolocale. All&#8217;interno della casa principale troviamo un ampio soggiorno con tv,..." />
<meta property="og:url" content="https://www.ibizappartamenti.it/%listing-slug%/villa-casa-francisca" />
<meta property="og:site_name" content="Ibizappartamenti.it" />
<meta property="article:modified_time" content="2023-01-20T16:37:37+00:00" />
<meta property="og:image" content="https://www.ibizappartamenti.it/wp-content/uploads/2017/02/14276021032014130335_33.jpg" />
	<meta property="og:image:width" content="640" />
	<meta property="og:image:height" content="480" />
	<meta property="og:image:type" content="image/jpeg" />
<meta name="twitter:card" content="summary_large_image" />
<script type="application/ld+json" class="yoast-schema-graph">{"@context":"https://schema.org","@graph":[{"@type":"WebPage","@id":"https://www.ibizappartamenti.it/%listing-slug%/villa-casa-francisca","url":"https://www.ibizappartamenti.it/%listing-slug%/villa-casa-francisca","name":"Villa Casa Francisca - Ibizappartamenti.it","isPartOf":{"@id":"https://www.ibizappartamenti.it/#website"},"primaryImageOfPage":{"@id":"https://www.ibizappartamenti.it/%listing-slug%/villa-casa-francisca#primaryimage"},"image":{"@id":"https://www.ibizappartamenti.it/%listing-slug%/villa-casa-francisca#primaryimage"},"thumbnailUrl":"https://www.ibizappartamenti.it/wp-content/uploads/2017/02/14276021032014130335_33.jpg","datePublished":"2017-02-17T16:02:04+00:00","dateModified":"2023-01-20T16:37:37+00:00","breadcrumb":{"@id":"https://www.ibizappartamenti.it/%listing-slug%/villa-casa-francisca#breadcrumb"},"inLanguage":"it-IT","potentialAction":[{"@type":"ReadAction","target":["https://www.ibizappartamenti.it/%listing-slug%/villa-casa-francisca"]}]},{"@type":"ImageObject","inLanguage":"it-IT","@id":"https://www.ibizappartamenti.it/%listing-slug%/villa-casa-francisca#primaryimage","url":"https://www.ibizappartamenti.it/wp-content/uploads/2017/02/14276021032014130335_33.jpg","contentUrl":"https://www.ibizappartamenti.it/wp-content/uploads/2017/02/14276021032014130335_33.jpg","width":640,"height":480},{"@type":"BreadcrumbList","@id":"https://www.ibizappartamenti.it/%listing-slug%/villa-casa-francisca#breadcrumb","itemListElement":[{"@type":"ListItem","position":1,"name":"Home","item":"https://www.ibizappartamenti.it/it/"},{"@type":"ListItem","position":2,"name":"Villa Casa Francisca"}]},{"@type":"WebSite","@id":"https://www.ibizappartamenti.it/#website","url":"https://www.ibizappartamenti.it/","name":"Ibizappartamenti.it","description":"","potentialAction":[{"@type":"SearchAction","target":{"@type":"EntryPoint","urlTemplate":"https://www.ibizappartamenti.it/?s={search_term_string}"},"query-input":"required name=search_term_string"}],"inLanguage":"it-IT"}]}</script>
<!-- / Yoast SEO plugin. -->

Villa Casa Francisca è una graziosa villa ubicata nei pressi del piccolo borgo di Es Caló de Sant Agustí, paesino caratterizzato da ristoranti che offrono buon pesce e da negozi di ogni genere. L&#8217;immobile è suddiviso in due case: la casa principale e il monolocale. All&#8217;interno della casa principale troviamo un ampio soggiorno con tv,...
